{"id":316,"date":"2019-02-19T12:46:45","date_gmt":"2019-02-19T12:46:45","guid":{"rendered":"http:\/\/physiklaboranten.wp.bs.fraunhofer.de\/?page_id=316"},"modified":"2023-08-18T09:49:01","modified_gmt":"2023-08-18T09:49:01","slug":"fraunhofer-physiklaboranten-ausbildung","status":"publish","type":"page","link":"https:\/\/physiklaboranten.de\/?page_id=316","title":{"rendered":"Fraunhofer &#8211; Physiklaboranten &#8211; Ausbildung"},"content":{"rendered":"\n<hr class=\"wp-block-separator has-css-opacity is-style-wide\" \/>\n\n\n\n<p>Die Fraunhofer-Gesellschaft ist mit vielen ihrer Institute das typische Arbeitsumfeld der Physiklaborantin \/ des Physiklaboranten. An 8 Fraunhofer-Instituten wird dieser Beruf ausgebildet. <\/p>\n\n\n\n<hr class=\"wp-block-separator has-css-opacity is-style-wide\" \/>\n\n\n\n<ol class=\"wp-block-list\">\n<li><a rel=\"noreferrer noopener\" href=\"https:\/\/www.youtube.com\/embed\/Qy_g4vRVoJA\" target=\"_blank\">Youtube-Video &#8211; Ausbildung bei Fraunhofer<\/a> &#8211; externer Link<\/li>\n\n\n\n<li><a href=\"https:\/\/www.ist.fraunhofer.de\/de\/jobs-karriere\/ausbildung-fraunhofer-ist.html\" target=\"_blank\" rel=\"noreferrer noopener\">Fraunhofer-Institut f\u00fcr Schicht- und Oberfl\u00e4chentechnik IST<\/a><\/li>\n\n\n\n<li><a href=\"https:\/\/www.fep.fraunhofer.de\/de\/Stellenangebote.html\" target=\"_blank\" rel=\"noreferrer noopener\">Fraunhofer-Institut f\u00fcr Organische Elektronik, Elektronenstrahl- und Plasmatechnik FEP<\/a><\/li>\n\n\n\n<li><a href=\"https:\/\/www.ibp.fraunhofer.de\/de\/karriere\/ausbildung.html\" target=\"_blank\" rel=\"noreferrer noopener\">Fraunhofer-Institut f\u00fcr Bauphysik IBP<\/a><\/li>\n\n\n\n<li><a href=\"https:\/\/www.ikts.fraunhofer.de\/de\/karriere.html\" target=\"_blank\" rel=\"noreferrer noopener\">Fraunhofer-Institut f\u00fcr Keramische Technologien und Systeme IKTS<\/a><\/li>\n\n\n\n<li><a href=\"https:\/\/www.iof.fraunhofer.de\/de\/jobs-karriere\/ausbildung.html\" target=\"_blank\" rel=\"noreferrer noopener\">Fraunhofer-Institut f\u00fcr Angewandte Optik und Feinmechanik IOF<\/a><\/li>\n\n\n\n<li><a href=\"https:\/\/www.isc.fraunhofer.de\/de\/job-und-karriere\/schueler.html\" target=\"_blank\" rel=\"noreferrer noopener\">Fraunhofer-Institut f\u00fcr Silicatforschung ISC<\/a><\/li>\n\n\n\n<li><a href=\"https:\/\/www.izfp.fraunhofer.de\/de\/Jobs.html\" target=\"_blank\" rel=\"noreferrer noopener\">Fraunhofer-Institut f\u00fcr Zerst\u00f6rungsfreie Pr\u00fcfverfahren IZFP<\/a><\/li>\n\n\n\n<li><a href=\"https:\/\/www.umsicht.fraunhofer.de\/de\/jobs-karriere.html\">Fraunhof<\/a><a href=\"https:\/\/www.umsicht.fraunhofer.de\/de\/jobs-karriere\/ausbildung.html\" target=\"_blank\" rel=\"noreferrer noopener\">er-Institut f\u00fcr Umwelt-, Sicherheits- und Energietechnik UMSICHT<\/a><\/li>\n<\/ol>\n\n\n\n<p><\/p>\n","protected":false},"excerpt":{"rendered":"<p>Die Fraunhofer-Gesellschaft ist mit vielen ihrer Institute das typische Arbeitsumfeld der Physiklaborantin \/ des Physiklaboranten. An 8 Fraunhofer-Instituten wird dieser Beruf ausgebildet.<\/p>\n","protected":false},"author":13,"featured_media":0,"parent":61,"menu_order":0,"comment_status":"closed","ping_status":"closed","template":"","meta":{"footnotes":""},"class_list":["post-316","page","type-page","status-publish","hentry"],"_links":{"self":[{"href":"https:\/\/physiklaboranten.de\/index.php?rest_route=\/wp\/v2\/pages\/316","targetHints":{"allow":["GET"]}}],"collection":[{"href":"https:\/\/physiklaboranten.de\/index.php?rest_route=\/wp\/v2\/pages"}],"about":[{"href":"https:\/\/physiklaboranten.de\/index.php?rest_route=\/wp\/v2\/types\/page"}],"author":[{"embeddable":true,"href":"https:\/\/physiklaboranten.de\/index.php?rest_route=\/wp\/v2\/users\/13"}],"replies":[{"embeddable":true,"href":"https:\/\/physiklaboranten.de\/index.php?rest_route=%2Fwp%2Fv2%2Fcomments&post=316"}],"version-history":[{"count":12,"href":"https:\/\/physiklaboranten.de\/index.php?rest_route=\/wp\/v2\/pages\/316\/revisions"}],"predecessor-version":[{"id":1232,"href":"https:\/\/physiklaboranten.de\/index.php?rest_route=\/wp\/v2\/pages\/316\/revisions\/1232"}],"up":[{"embeddable":true,"href":"https:\/\/physiklaboranten.de\/index.php?rest_route=\/wp\/v2\/pages\/61"}],"wp:attachment":[{"href":"https:\/\/physiklaboranten.de\/index.php?rest_route=%2Fwp%2Fv2%2Fmedia&parent=316"}],"curies":[{"name":"wp","href":"https:\/\/api.w.org\/{rel}","templated":true}]}}